{"id":1540,"date":"2025-01-07T13:07:16","date_gmt":"2025-01-07T12:07:16","guid":{"rendered":"https:\/\/www.innovrim.org\/?page_id=1540"},"modified":"2025-01-23T22:15:02","modified_gmt":"2025-01-23T21:15:02","slug":"nos-service","status":"publish","type":"page","link":"https:\/\/www.innovrim.org\/index.php\/nos-service\/","title":{"rendered":"Nos Solutions"},"content":{"rendered":"\t\t<div data-elementor-type=\"wp-page\" data-elementor-id=\"1540\" class=\"elementor elementor-1540\">\n\t\t\t\t<div class=\"elementor-element elementor-element-4529e5e e-flex e-con-boxed e-con e-parent\" data-id=\"4529e5e\" data-element_type=\"container\">\n\t\t\t\t\t<div class=\"e-con-inner\">\n\t\t\t\t<div class=\"elementor-element elementor-element-2e588b5 elementor-widget elementor-widget-text-editor\" data-id=\"2e588b5\" data-element_type=\"widget\" data-widget_type=\"text-editor.default\">\n\t\t\t\t<div class=\"elementor-widget-container\">\n\t\t\t\t\t\t\t\t\t<div class=\"mb-2 flex gap-3 empty:hidden -ml-2\"><div class=\"items-center justify-start rounded-xl p-1 flex\"><div class=\"flex items-center\"><p>InnovRim propose un ensemble de solutions novatrices pour r\u00e9pondre aux d\u00e9fis \u00e9conomiques, sociaux et technologiques, avec un focus sur la transformation num\u00e9rique et l\u2019innovation.<\/p><\/div><\/div><\/div>\t\t\t\t\t\t\t\t<\/div>\n\t\t\t\t<\/div>\n\t\t\t\t\t<\/div>\n\t\t\t\t<\/div>\n\t\t<div class=\"elementor-element elementor-element-e47e556 e-flex e-con-boxed e-con e-parent\" data-id=\"e47e556\" data-element_type=\"container\">\n\t\t\t\t\t<div class=\"e-con-inner\">\n\t\t<div class=\"elementor-element elementor-element-c474c87 e-con-full e-flex e-con e-child\" data-id=\"c474c87\" data-element_type=\"container\">\n\t\t\t\t<div class=\"elementor-element elementor-element-1877663 elementor-widget elementor-widget-text-editor\" data-id=\"1877663\" data-element_type=\"widget\" data-widget_type=\"text-editor.default\">\n\t\t\t\t<div class=\"elementor-widget-container\">\n\t\t\t\t\t\t\t\t\t<p><strong>Formations et renforcement des comp\u00e9tences<\/strong><\/p><p>-Programmes de formation aux m\u00e9tiers du num\u00e9rique, tels que\u00a0 le web design, l\u2019IoT, le d\u00e9veloppement web et mobile, design thinking et la mod\u00e9lisation 3D &amp; 2D.<\/p><p>-Alphab\u00e9tisation num\u00e9rique et renforcement des comp\u00e9tences en marketing digital, e-commerce et design graphique pour les entrepreneur<\/p>\t\t\t\t\t\t\t\t<\/div>\n\t\t\t\t<\/div>\n\t\t\t\t<\/div>\n\t\t<div class=\"elementor-element elementor-element-b190191 e-con-full e-flex e-con e-child\" data-id=\"b190191\" data-element_type=\"container\">\n\t\t\t\t<div class=\"elementor-element elementor-element-acbaeea elementor-widget elementor-widget-text-editor\" data-id=\"acbaeea\" data-element_type=\"widget\" data-widget_type=\"text-editor.default\">\n\t\t\t\t<div class=\"elementor-widget-container\">\n\t\t\t\t\t\t\t\t\t<p><strong>Incubation et accompagnement<\/strong><\/p><p>-Soutien \u00e0 la cr\u00e9ation et au d\u00e9veloppement de startups via des hackathons, programmes d\u2019incubation et mentorat.<\/p><p>-Aide \u00e0 la mise en \u0153uvre de projets innovants, notamment dans les domaines de l\u2019agriculture, de l\u2019artisanat et des nouvelles technologies.<\/p>\t\t\t\t\t\t\t\t<\/div>\n\t\t\t\t<\/div>\n\t\t\t\t<\/div>\n\t\t<div class=\"elementor-element elementor-element-9b544f3 e-con-full e-flex e-con e-child\" data-id=\"9b544f3\" data-element_type=\"container\">\n\t\t\t\t<div class=\"elementor-element elementor-element-1531866 elementor-widget elementor-widget-text-editor\" data-id=\"1531866\" data-element_type=\"widget\" data-widget_type=\"text-editor.default\">\n\t\t\t\t<div class=\"elementor-widget-container\">\n\t\t\t\t\t\t\t\t\t<p><strong>Projets de valorisation \u00e9conomique et sociale<\/strong><\/p><p><strong>-Galerie<\/strong><strong>Wagadou<\/strong> : Plateforme de promotion et de vente d\u2019\u0153uvres et de produits artistiques, contribuant \u00e0 l\u2019\u00e9mergence de l\u2019art digital.<\/p><p><strong>-MadiMarket<\/strong> : Solution web et mobile pour la commercialisation et la livraison de produits alimentaires, avec un accent sur la valorisation des producteurs locaux<\/p><p>\u00a0<\/p>\t\t\t\t\t\t\t\t<\/div>\n\t\t\t\t<\/div>\n\t\t\t\t<\/div>\n\t\t<div class=\"elementor-element elementor-element-7416d78 e-con-full e-flex e-con e-child\" data-id=\"7416d78\" data-element_type=\"container\">\n\t\t\t\t<div class=\"elementor-element elementor-element-d2118a2 elementor-widget elementor-widget-text-editor\" data-id=\"d2118a2\" data-element_type=\"widget\" data-widget_type=\"text-editor.default\">\n\t\t\t\t<div class=\"elementor-widget-container\">\n\t\t\t\t\t\t\t\t\t<p><strong>Fablab et prototypage<\/strong><\/p><p>Acc\u00e8s \u00e0 des \u00e9quipements de pointe (machines<\/p><ul><li>CNC, imprimantes 3D, d\u00e9coupe laser) pour la cr\u00e9ation et le prototypage.<\/li><li>Conception de produits \u00e9ducatifs, outils de formation, et solutions pour l\u2019entrepreneuriat.<\/li><li style=\"list-style-type: none;\"><ul><li style=\"list-style-type: none;\">\u00a0<\/li><\/ul><\/li><\/ul>\t\t\t\t\t\t\t\t<\/div>\n\t\t\t\t<\/div>\n\t\t\t\t<\/div>\n\t\t<div class=\"elementor-element elementor-element-62d2202 e-con-full e-flex e-con e-child\" data-id=\"62d2202\" data-element_type=\"container\">\n\t\t\t\t<div class=\"elementor-element elementor-element-2ddf80d elementor-widget elementor-widget-text-editor\" data-id=\"2ddf80d\" data-element_type=\"widget\" data-widget_type=\"text-editor.default\">\n\t\t\t\t<div class=\"elementor-widget-container\">\n\t\t\t\t\t\t\t\t\t<p><strong>Consulting en transformation digitale<\/strong><\/p><p>Accompagnement des entreprises et organisations dans leur transition num\u00e9rique, avec des solutions sur mesure pour am\u00e9liorer leur productivit\u00e9 et leur visibilit\u00e9<\/p><p><strong>Promotion de l\u2019innovation sociale<\/strong><\/p><p>Projets d\u2019alphab\u00e9tisation num\u00e9rique et de r\u00e9int\u00e9gration professionnelle pour les jeunes et les femmes en situation de vuln\u00e9rabilit\u00e9.<\/p><ul><li style=\"list-style-type: none;\"><ul><li>Initiatives pour r\u00e9duire les stigmates sociaux li\u00e9s au d\u00e9crochage scolaire gr\u00e2ce \u00e0 la formation et \u00e0 l\u2019emploi.<\/li><\/ul><\/li><\/ul>\t\t\t\t\t\t\t\t<\/div>\n\t\t\t\t<\/div>\n\t\t\t\t<\/div>\n\t\t\t\t\t<\/div>\n\t\t\t\t<\/div>\n\t\t\t\t<\/div>\n\t\t","protected":false},"excerpt":{"rendered":"<p>InnovRim propose un ensemble de solutions novatrices pour r\u00e9pondre aux d\u00e9fis \u00e9conomiques, sociaux et technologiques, avec un focus sur la transformation num\u00e9rique et l\u2019innovation. Formations et renforcement des comp\u00e9tences -Programmes de formation aux m\u00e9tiers du num\u00e9rique, tels que\u00a0 le web design, l\u2019IoT, le d\u00e9veloppement web et mobile, design thinking et la mod\u00e9lisation 3D &amp; 2D. [&hellip;]<\/p>\n","protected":false},"author":3,"featured_media":0,"parent":0,"menu_order":0,"comment_status":"closed","ping_status":"closed","template":"","meta":{"ngg_post_thumbnail":0,"_vp_format_video_url":"","_vp_image_focal_point":[],"footnotes":""},"class_list":["post-1540","page","type-page","status-publish","hentry"],"_links":{"self":[{"href":"https:\/\/www.innovrim.org\/index.php\/wp-json\/wp\/v2\/pages\/1540","targetHints":{"allow":["GET"]}}],"collection":[{"href":"https:\/\/www.innovrim.org\/index.php\/wp-json\/wp\/v2\/pages"}],"about":[{"href":"https:\/\/www.innovrim.org\/index.php\/wp-json\/wp\/v2\/types\/page"}],"author":[{"embeddable":true,"href":"https:\/\/www.innovrim.org\/index.php\/wp-json\/wp\/v2\/users\/3"}],"replies":[{"embeddable":true,"href":"https:\/\/www.innovrim.org\/index.php\/wp-json\/wp\/v2\/comments?post=1540"}],"version-history":[{"count":42,"href":"https:\/\/www.innovrim.org\/index.php\/wp-json\/wp\/v2\/pages\/1540\/revisions"}],"predecessor-version":[{"id":2284,"href":"https:\/\/www.innovrim.org\/index.php\/wp-json\/wp\/v2\/pages\/1540\/revisions\/2284"}],"wp:attachment":[{"href":"https:\/\/www.innovrim.org\/index.php\/wp-json\/wp\/v2\/media?parent=1540"}],"curies":[{"name":"wp","href":"https:\/\/api.w.org\/{rel}","templated":true}]}}