{"id":1586,"date":"2025-01-08T12:27:27","date_gmt":"2025-01-08T11:27:27","guid":{"rendered":"https:\/\/www.innovrim.org\/?page_id=1586"},"modified":"2025-02-12T12:47:17","modified_gmt":"2025-02-12T11:47:17","slug":"nos-projets-2","status":"publish","type":"page","link":"https:\/\/www.innovrim.org\/index.php\/nos-projets-2\/","title":{"rendered":"Nos Projets"},"content":{"rendered":"\t\t<div data-elementor-type=\"wp-page\" data-elementor-id=\"1586\" class=\"elementor elementor-1586\">\n\t\t\t\t<div class=\"elementor-element elementor-element-f932143 e-flex e-con-boxed e-con e-parent\" data-id=\"f932143\" data-element_type=\"container\">\n\t\t\t\t\t<div class=\"e-con-inner\">\n\t\t\t\t<div class=\"elementor-element elementor-element-cae0bb8 elementor-widget elementor-widget-text-editor\" data-id=\"cae0bb8\" data-element_type=\"widget\" data-widget_type=\"text-editor.default\">\n\t\t\t\t<div class=\"elementor-widget-container\">\n\t\t\t\t\t\t\t\t\t<p><strong>Les projets d\u2019InnovRim<\/strong><\/p><p>InnovRim m\u00e8ne divers projets strat\u00e9giques alliant innovation, num\u00e9rique et impact social, avec un fort ancrage local.<\/p><p>Ces projets s\u2019inscrivent dans la vision globale d\u2019InnovRim : dynamiser l\u2019\u00e9cosyst\u00e8me local en alliant innovation technologique et impact social.<\/p>\t\t\t\t\t\t\t\t<\/div>\n\t\t\t\t<\/div>\n\t\t\t\t\t<\/div>\n\t\t\t\t<\/div>\n\t\t<div class=\"elementor-element elementor-element-0c0525e e-flex e-con-boxed e-con e-parent\" data-id=\"0c0525e\" data-element_type=\"container\">\n\t\t\t\t\t<div class=\"e-con-inner\">\n\t\t<div class=\"elementor-element elementor-element-c7d4a0b e-con-full e-flex e-con e-child\" data-id=\"c7d4a0b\" data-element_type=\"container\">\n\t\t\t\t<div class=\"elementor-element elementor-element-3cefe30 elementor-widget elementor-widget-text-editor\" data-id=\"3cefe30\" data-element_type=\"widget\" data-widget_type=\"text-editor.default\">\n\t\t\t\t<div class=\"elementor-widget-container\">\n\t\t\t\t\t\t\t\t\t<h3><strong>Galerie Wagadou<\/strong><\/h3><ul><li><strong>Objectif<\/strong> : Promouvoir l\u2019art et la cr\u00e9ativit\u00e9 \u00e0 travers une galerie digitale proposant des produits artistiques vari\u00e9s, tels que des goodies,\u00a0 kits de bureau, vases, et accessoires etc.<\/li><li><strong>Impact<\/strong> : Soutien aux artistes locaux et valorisation du patrimoine culturel par des moyens innovants.<\/li><\/ul>\t\t\t\t\t\t\t\t<\/div>\n\t\t\t\t<\/div>\n\t\t\t\t<\/div>\n\t\t<div class=\"elementor-element elementor-element-ad4f740 e-con-full e-flex e-con e-child\" data-id=\"ad4f740\" data-element_type=\"container\">\n\t\t\t\t<div class=\"elementor-element elementor-element-e59702f elementor-widget elementor-widget-text-editor\" data-id=\"e59702f\" data-element_type=\"widget\" data-widget_type=\"text-editor.default\">\n\t\t\t\t<div class=\"elementor-widget-container\">\n\t\t\t\t\t\t\t\t\t<h3><strong>MadiMarket<\/strong><\/h3><ul><li><strong>Objectif<\/strong> : D\u00e9velopper une plateforme web et mobile pour la commercialisation et la livraison de produits alimentaires, favorisant les circuits courts.<\/li><li><strong>Impact<\/strong> : Soutenir les producteurs locaux et am\u00e9liorer l\u2019acc\u00e8s des consommateurs \u00e0 des produits frais et de qualit\u00e9.<\/li><\/ul>\t\t\t\t\t\t\t\t<\/div>\n\t\t\t\t<\/div>\n\t\t\t\t<\/div>\n\t\t<div class=\"elementor-element elementor-element-01a254a e-con-full e-flex e-con e-child\" data-id=\"01a254a\" data-element_type=\"container\">\n\t\t\t\t<div class=\"elementor-element elementor-element-fc64eb0 elementor-widget elementor-widget-text-editor\" data-id=\"fc64eb0\" data-element_type=\"widget\" data-widget_type=\"text-editor.default\">\n\t\t\t\t<div class=\"elementor-widget-container\">\n\t\t\t\t\t\t\t\t\t<h3><strong>Programme d\u2019incubation de startups<\/strong><\/h3><ul><li><strong>Objectif<\/strong> : Encourager la cr\u00e9ation de startups \u00e0 travers des hackathons, des formations en num\u00e9rique (IoT, web design, mod\u00e9lisation 3D, etc.) et un programme d\u2019incubation avec mentorat.<\/li><li><strong>Impact<\/strong> : Acc\u00e9l\u00e9rer l\u2019innovation et renforcer l\u2019entrepreneuriat chez les jeunes universitaires.<\/li><\/ul>\t\t\t\t\t\t\t\t<\/div>\n\t\t\t\t<\/div>\n\t\t\t\t<\/div>\n\t\t<div class=\"elementor-element elementor-element-5288d48 e-con-full e-flex e-con e-child\" data-id=\"5288d48\" data-element_type=\"container\">\n\t\t\t\t<div class=\"elementor-element elementor-element-cf0867a elementor-widget elementor-widget-text-editor\" data-id=\"cf0867a\" data-element_type=\"widget\" data-widget_type=\"text-editor.default\">\n\t\t\t\t<div class=\"elementor-widget-container\">\n\t\t\t\t\t\t\t\t\t<h3><strong>Agriculture et technologie<\/strong><\/h3><ul><li><strong>Objectif<\/strong> : D\u00e9velopper des solutions pour l\u2019agriculture de pr\u00e9cision, la gestion des ressources (e.g., syst\u00e8me d\u2019irrigation intelligent), et la valorisation des produits agricoles.<\/li><li><strong>Impact<\/strong> : Am\u00e9liorer la productivit\u00e9 et la durabilit\u00e9 des pratiques agricoles gr\u00e2ce \u00e0 l\u2019innovation<\/li><\/ul>\t\t\t\t\t\t\t\t<\/div>\n\t\t\t\t<\/div>\n\t\t\t\t<\/div>\n\t\t<div class=\"elementor-element elementor-element-ec25b26 e-con-full e-flex e-con e-child\" data-id=\"ec25b26\" data-element_type=\"container\">\n\t\t\t\t<div class=\"elementor-element elementor-element-7c0389b elementor-widget elementor-widget-text-editor\" data-id=\"7c0389b\" data-element_type=\"widget\" data-widget_type=\"text-editor.default\">\n\t\t\t\t<div class=\"elementor-widget-container\">\n\t\t\t\t\t\t\t\t\t<h3><strong>L\u2019innovation au service du D\u00e9veloppement durable (InnovS2D)<\/strong><\/h3><ul><li><strong>Objectif<\/strong> :<ul><li>Former 50 jeunes en situation de d\u00e9crochage scolaire pour am\u00e9liorer leur employabilit\u00e9.<\/li><li>Accompagner 3 agri-entrepreneurs pour soutenir leur croissance durable.<\/li><li>Assurer la viabilit\u00e9 \u00e9conomique d\u2019InnovRim en int\u00e9grant des activit\u00e9s socialement impactantes.<\/li><\/ul><\/li><li><strong>Impact<\/strong> : Ce projet s\u2019appuie sur l\u2019innovation sociale pour cr\u00e9er des opportunit\u00e9s d\u2019emploi et renforcer la p\u00e9rennit\u00e9 des activit\u00e9s \u00e9conomiques et sociales.<\/li><\/ul>\t\t\t\t\t\t\t\t<\/div>\n\t\t\t\t<\/div>\n\t\t\t\t<\/div>\n\t\t\t\t\t<\/div>\n\t\t\t\t<\/div>\n\t\t<div class=\"elementor-element elementor-element-251618f e-flex e-con-boxed e-con e-parent\" data-id=\"251618f\" data-element_type=\"container\">\n\t\t\t\t\t<div class=\"e-con-inner\">\n\t\t\t\t<div class=\"elementor-element elementor-element-0ce942f elementor-widget elementor-widget-video\" data-id=\"0ce942f\" data-element_type=\"widget\" data-settings=\"{&quot;youtube_url&quot;:&quot;https:\\\/\\\/youtu.be\\\/rPQZuoZ6iUY&quot;,&quot;video_type&quot;:&quot;youtube&quot;,&quot;controls&quot;:&quot;yes&quot;}\" data-widget_type=\"video.default\">\n\t\t\t\t<div class=\"elementor-widget-container\">\n\t\t\t\t\t\t\t<div class=\"elementor-wrapper elementor-open-inline\">\n\t\t\t<div class=\"elementor-video\"><\/div>\t\t<\/div>\n\t\t\t\t\t\t<\/div>\n\t\t\t\t<\/div>\n\t\t\t\t\t<\/div>\n\t\t\t\t<\/div>\n\t\t<div class=\"elementor-element elementor-element-9630f1c e-flex e-con-boxed e-con e-parent\" data-id=\"9630f1c\" data-element_type=\"container\">\n\t\t\t\t\t<div class=\"e-con-inner\">\n\t\t<div class=\"elementor-element elementor-element-cf55c93 e-con-full e-flex e-con e-child\" data-id=\"cf55c93\" data-element_type=\"container\">\n\t\t\t\t<div class=\"elementor-element elementor-element-1ad8ff9 elementor-widget elementor-widget-image\" data-id=\"1ad8ff9\" data-element_type=\"widget\" data-widget_type=\"image.default\">\n\t\t\t\t<div class=\"elementor-widget-container\">\n\t\t\t\t\t\t\t\t\t\t\t\t\t\t\t<img decoding=\"async\" width=\"205\" height=\"72\" src=\"https:\/\/www.innovrim.org\/wp-content\/uploads\/2025\/01\/samim.png\" class=\"attachment-large size-large wp-image-2075\" alt=\"\" \/>\t\t\t\t\t\t\t\t\t\t\t\t\t\t\t<\/div>\n\t\t\t\t<\/div>\n\t\t\t\t<\/div>\n\t\t<div class=\"elementor-element elementor-element-12d11ac e-con-full e-flex e-con e-child\" data-id=\"12d11ac\" data-element_type=\"container\">\n\t\t\t\t<div class=\"elementor-element elementor-element-9ee7701 elementor-widget elementor-widget-image\" data-id=\"9ee7701\" data-element_type=\"widget\" data-widget_type=\"image.default\">\n\t\t\t\t<div class=\"elementor-widget-container\">\n\t\t\t\t\t\t\t\t\t\t\t\t\t\t\t<img fetchpriority=\"high\" decoding=\"async\" width=\"414\" height=\"159\" src=\"https:\/\/www.innovrim.org\/wp-content\/uploads\/2025\/01\/logo.png\" class=\"attachment-large size-large wp-image-2264\" alt=\"\" srcset=\"https:\/\/www.innovrim.org\/wp-content\/uploads\/2025\/01\/logo.png 414w, https:\/\/www.innovrim.org\/wp-content\/uploads\/2025\/01\/logo-300x115.png 300w\" sizes=\"(max-width: 414px) 100vw, 414px\" \/>\t\t\t\t\t\t\t\t\t\t\t\t\t\t\t<\/div>\n\t\t\t\t<\/div>\n\t\t\t\t<\/div>\n\t\t<div class=\"elementor-element elementor-element-e4c757e e-con-full e-flex e-con e-child\" data-id=\"e4c757e\" data-element_type=\"container\">\n\t\t\t\t<div class=\"elementor-element elementor-element-fa1d631 elementor-widget elementor-widget-image\" data-id=\"fa1d631\" data-element_type=\"widget\" data-widget_type=\"image.default\">\n\t\t\t\t<div class=\"elementor-widget-container\">\n\t\t\t\t\t\t\t\t\t\t\t\t\t\t\t<img decoding=\"async\" width=\"189\" height=\"189\" src=\"https:\/\/www.innovrim.org\/wp-content\/uploads\/2025\/01\/logo6.png\" class=\"attachment-large size-large wp-image-2265\" alt=\"\" srcset=\"https:\/\/www.innovrim.org\/wp-content\/uploads\/2025\/01\/logo6.png 189w, https:\/\/www.innovrim.org\/wp-content\/uploads\/2025\/01\/logo6-150x150.png 150w\" sizes=\"(max-width: 189px) 100vw, 189px\" \/>\t\t\t\t\t\t\t\t\t\t\t\t\t\t\t<\/div>\n\t\t\t\t<\/div>\n\t\t\t\t<\/div>\n\t\t\t\t\t<\/div>\n\t\t\t\t<\/div>\n\t\t<div class=\"elementor-element elementor-element-8ea0746 e-flex e-con-boxed e-con e-parent\" data-id=\"8ea0746\" data-element_type=\"container\">\n\t\t\t\t\t<div class=\"e-con-inner\">\n\t\t<div class=\"elementor-element elementor-element-46c521b e-con-full e-flex e-con e-child\" data-id=\"46c521b\" data-element_type=\"container\">\n\t\t\t\t<\/div>\n\t\t\t\t\t<\/div>\n\t\t\t\t<\/div>\n\t\t\t\t<\/div>\n\t\t","protected":false},"excerpt":{"rendered":"<p>Les projets d\u2019InnovRim InnovRim m\u00e8ne divers projets strat\u00e9giques alliant innovation, num\u00e9rique et impact social, avec un fort ancrage local. Ces projets s\u2019inscrivent dans la vision globale d\u2019InnovRim : dynamiser l\u2019\u00e9cosyst\u00e8me local en alliant innovation technologique et impact social. Galerie Wagadou Objectif : Promouvoir l\u2019art et la cr\u00e9ativit\u00e9 \u00e0 travers une galerie digitale proposant des produits [&hellip;]<\/p>\n","protected":false},"author":3,"featured_media":0,"parent":0,"menu_order":0,"comment_status":"closed","ping_status":"closed","template":"","meta":{"ngg_post_thumbnail":0,"_vp_format_video_url":"","_vp_image_focal_point":[],"footnotes":""},"class_list":["post-1586","page","type-page","status-publish","hentry"],"_links":{"self":[{"href":"https:\/\/www.innovrim.org\/index.php\/wp-json\/wp\/v2\/pages\/1586","targetHints":{"allow":["GET"]}}],"collection":[{"href":"https:\/\/www.innovrim.org\/index.php\/wp-json\/wp\/v2\/pages"}],"about":[{"href":"https:\/\/www.innovrim.org\/index.php\/wp-json\/wp\/v2\/types\/page"}],"author":[{"embeddable":true,"href":"https:\/\/www.innovrim.org\/index.php\/wp-json\/wp\/v2\/users\/3"}],"replies":[{"embeddable":true,"href":"https:\/\/www.innovrim.org\/index.php\/wp-json\/wp\/v2\/comments?post=1586"}],"version-history":[{"count":62,"href":"https:\/\/www.innovrim.org\/index.php\/wp-json\/wp\/v2\/pages\/1586\/revisions"}],"predecessor-version":[{"id":2289,"href":"https:\/\/www.innovrim.org\/index.php\/wp-json\/wp\/v2\/pages\/1586\/revisions\/2289"}],"wp:attachment":[{"href":"https:\/\/www.innovrim.org\/index.php\/wp-json\/wp\/v2\/media?parent=1586"}],"curies":[{"name":"wp","href":"https:\/\/api.w.org\/{rel}","templated":true}]}}