{"id":1823,"date":"2025-01-09T18:34:20","date_gmt":"2025-01-09T17:34:20","guid":{"rendered":"https:\/\/www.innovrim.org\/?page_id=1823"},"modified":"2025-01-10T14:12:16","modified_gmt":"2025-01-10T13:12:16","slug":"galerie-wagadou","status":"publish","type":"page","link":"https:\/\/www.innovrim.org\/index.php\/galerie-wagadou\/","title":{"rendered":"Galerie Wagadou"},"content":{"rendered":"\t\t<div data-elementor-type=\"wp-page\" data-elementor-id=\"1823\" class=\"elementor elementor-1823\">\n\t\t\t\t<div class=\"elementor-element elementor-element-1d639a7 e-flex e-con-boxed e-con e-parent\" data-id=\"1d639a7\" data-element_type=\"container\">\n\t\t\t\t\t<div class=\"e-con-inner\">\n\t\t\t\t<div class=\"elementor-element elementor-element-f852cb8 elementor-widget elementor-widget-text-editor\" data-id=\"f852cb8\" data-element_type=\"widget\" data-widget_type=\"text-editor.default\">\n\t\t\t\t<div class=\"elementor-widget-container\">\n\t\t\t\t\t\t\t\t\t<p><span style=\"color: #000000; font-kerning: none;\">La Galerie wagadou est la premi\u00e8re galerie d\u2019art num\u00e9rique en Mauritanie situ\u00e9e \u00e0 Nouakchott . Elle a \u00e9t\u00e9 lanc\u00e9e par InnovrRIM , une organisation d\u00e9di\u00e9e \u00e0 l\u2019innovation et \u00e0 la promotion de l\u2019artisanat local . La galerie vise \u00e0 cr\u00e9e un espace mettant en valeur les cr\u00e9ations artistiques du Sahel Fablab et \u00e0 assurer une visibilit\u00e9 aux artisans locaux traditionnels.<\/span><\/p><p><span style=\"color: #000000; font-kerning: none;\"><span style=\"font-kerning: none;\">La galerie Wagadou expose diverses \u0153uvres d\u2019art num\u00e9rique et d\u2019artisanat , contribuant ainsi \u00e0 la promotion de la culture mauritanienne et sah\u00e9lienne.<\/span><\/span><\/p><p><span style=\"color: #000000; font-kerning: none;\"><span style=\"font-kerning: none;\"><span style=\"font-kerning: none;\">Elle est active sur les r\u00e9seaux notamment sur instagram et Facebook ,ou elle partage r\u00e9guli\u00e8rement des informations sur ses exposition et ses activit\u00e9s.<\/span><\/span><\/span><\/p><p><span style=\"color: #000000; font-kerning: none;\"><span style=\"font-kerning: none;\"><span style=\"font-kerning: none;\"><span class=\"OYPEnA font-feature-liga-off font-feature-clig-off font-feature-calt-off text-decoration-none text-strikethrough-none\" style=\"font-kerning: none;\">La galerie wagadou joue un r\u00f4le essentiel dans la valorisation de l\u2019art num\u00e9rique et de l&rsquo;artisanat en Mauritanie ,offrant une plateforme aux artistes et artisans pour pr\u00e9senter leurs \u0153uvres et toucher un public plus large.<\/span><\/span><\/span><\/span><\/p>\t\t\t\t\t\t\t\t<\/div>\n\t\t\t\t<\/div>\n\t\t\t\t\t<\/div>\n\t\t\t\t<\/div>\n\t\t<div class=\"elementor-element elementor-element-54602e6 e-flex e-con-boxed e-con e-parent\" data-id=\"54602e6\" data-element_type=\"container\">\n\t\t\t\t\t<div class=\"e-con-inner\">\n\t\t\t\t<div class=\"elementor-element elementor-element-c8b8af3 elementor-widget elementor-widget-heading\" data-id=\"c8b8af3\" data-element_type=\"widget\" data-widget_type=\"heading.default\">\n\t\t\t\t<div class=\"elementor-widget-container\">\n\t\t\t\t\t<h2 class=\"elementor-heading-title elementor-size-default\"><div id=\"metaslider-id-1519\" style=\"width: 100%;\" class=\"ml-slider-3-94-0 metaslider metaslider-flex metaslider-1519 ml-slider ms-theme-clarity has-dots-nav\" role=\"region\" aria-roledescription=\"Slideshow\" aria-label=\"galerie gawadou\">\n    <div id=\"metaslider_container_1519\">\n        <div id=\"metaslider_1519\">\n            <ul class='slides'>\n                <li style=\"display: block; width: 100%;\" class=\"slide-1520 ms-image \" aria-roledescription=\"slide\" aria-label=\"slide-1520\"><img fetchpriority=\"high\" decoding=\"async\" src=\"https:\/\/www.innovrim.org\/wp-content\/uploads\/2025\/01\/fierst-700x500.png\" height=\"500\" width=\"700\" alt=\"\" class=\"slider-1519 slide-1520\" title=\"fierst\" \/><\/li>\n                <li style=\"display: none; width: 100%;\" class=\"slide-1521 ms-image \" aria-roledescription=\"slide\" aria-label=\"slide-1521\"><img decoding=\"async\" src=\"https:\/\/www.innovrim.org\/wp-content\/uploads\/2025\/01\/inb-removebg-preview-577x412.png\" height=\"500\" width=\"700\" alt=\"\" class=\"slider-1519 slide-1521\" title=\"inb-removebg-preview\" \/><div class=\"caption-wrap\"><div class=\"caption\"><div><span class=\"OYPEnA font-feature-liga-off font-feature-clig-off font-feature-calt-off text-decoration-none text-strikethrough-none\">Kits Bureaux<\/span><\/div><\/div><\/div><\/li>\n                <li style=\"display: none; width: 100%;\" class=\"slide-1522 ms-image \" aria-roledescription=\"slide\" aria-label=\"slide-1522\"><img decoding=\"async\" src=\"https:\/\/www.innovrim.org\/wp-content\/uploads\/2025\/01\/calendar-700x500.png\" height=\"500\" width=\"700\" alt=\"\" class=\"slider-1519 slide-1522\" title=\"calendar\" \/><\/li>\n                <li style=\"display: none; width: 100%;\" class=\"slide-1523 ms-image \" aria-roledescription=\"slide\" aria-label=\"slide-1523\"><img loading=\"lazy\" decoding=\"async\" src=\"https:\/\/www.innovrim.org\/wp-content\/uploads\/2025\/01\/calendar3-700x500.png\" height=\"500\" width=\"700\" alt=\"\" class=\"slider-1519 slide-1523\" title=\"calendar3\" \/><div class=\"caption-wrap\"><div class=\"caption\"><div>Calendrier<\/div><\/div><\/div><\/li>\n                <li style=\"display: none; width: 100%;\" class=\"slide-1525 ms-image \" aria-roledescription=\"slide\" aria-label=\"slide-1525\"><img loading=\"lazy\" decoding=\"async\" src=\"https:\/\/www.innovrim.org\/wp-content\/uploads\/2025\/01\/invisible-rem-577x412.png\" height=\"500\" width=\"700\" alt=\"\" class=\"slider-1519 slide-1525\" title=\"invisible-rem\" \/><\/li>\n            <\/ul>\n        <\/div>\n        \n    <\/div>\n<\/div><\/h2>\t\t\t\t<\/div>\n\t\t\t\t<\/div>\n\t\t\t\t\t<\/div>\n\t\t\t\t<\/div>\n\t\t\t\t<\/div>\n\t\t","protected":false},"excerpt":{"rendered":"<p>La Galerie wagadou est la premi\u00e8re galerie d\u2019art num\u00e9rique en Mauritanie situ\u00e9e \u00e0 Nouakchott . Elle a \u00e9t\u00e9 lanc\u00e9e par InnovrRIM , une organisation d\u00e9di\u00e9e \u00e0 l\u2019innovation et \u00e0 la promotion de l\u2019artisanat local . La galerie vise \u00e0 cr\u00e9e un espace mettant en valeur les cr\u00e9ations artistiques du Sahel Fablab et \u00e0 assurer une [&hellip;]<\/p>\n","protected":false},"author":2,"featured_media":0,"parent":0,"menu_order":0,"comment_status":"closed","ping_status":"closed","template":"","meta":{"ngg_post_thumbnail":0,"_vp_format_video_url":"","_vp_image_focal_point":[],"footnotes":""},"class_list":["post-1823","page","type-page","status-publish","hentry"],"_links":{"self":[{"href":"https:\/\/www.innovrim.org\/index.php\/wp-json\/wp\/v2\/pages\/1823","targetHints":{"allow":["GET"]}}],"collection":[{"href":"https:\/\/www.innovrim.org\/index.php\/wp-json\/wp\/v2\/pages"}],"about":[{"href":"https:\/\/www.innovrim.org\/index.php\/wp-json\/wp\/v2\/types\/page"}],"author":[{"embeddable":true,"href":"https:\/\/www.innovrim.org\/index.php\/wp-json\/wp\/v2\/users\/2"}],"replies":[{"embeddable":true,"href":"https:\/\/www.innovrim.org\/index.php\/wp-json\/wp\/v2\/comments?post=1823"}],"version-history":[{"count":28,"href":"https:\/\/www.innovrim.org\/index.php\/wp-json\/wp\/v2\/pages\/1823\/revisions"}],"predecessor-version":[{"id":1938,"href":"https:\/\/www.innovrim.org\/index.php\/wp-json\/wp\/v2\/pages\/1823\/revisions\/1938"}],"wp:attachment":[{"href":"https:\/\/www.innovrim.org\/index.php\/wp-json\/wp\/v2\/media?parent=1823"}],"curies":[{"name":"wp","href":"https:\/\/api.w.org\/{rel}","templated":true}]}}